 a factor of 8190518?
False
Does 13 divide 14769443?
True
Is 90372 a multiple of 68?
True
Is 542 a factor of 13917120?
False
Does 107 divide 109889?
True
Is 117 a factor of 1919423?
False
Is 13466 a multiple of 62?
False
Is 222362 a multiple of 14?
True
Is 1164240 a multiple of 220?
True
Is 2056626 a multiple of 149?
False
Is 2582244 a multiple of 9?
True
Is 54231 a multiple of 26?
False
Does 384 divide 1673472?
True
Is 2542625 a multiple of 675?
False
Does 196 divide 51156?
True
Is 5093718 a multiple of 23?
True
Is 59 a factor of 1444024?
False
Is 17 a factor of 756946?
False
Is 281 a factor of 889927?
True
Does 157 divide 201915?
False
Does 849 divide 9090318?
False
Does 31 divide 249450?
False
Does 11 divide 1217120?
False
Is 586 a factor of 1933719?
False
Is 16 a factor of 1807952?
True
Does 3 divide 43905?
True
Is 9 a factor of 7351?
False
Is 398 a factor of 1075833?
False
Is 14700 a multiple of 49?
True
Is 462294 a multiple of 38?
False
Is 122 a factor of 13295438?
True
Is 17 a factor of 2770082?
True
Does 21 divide 340964?
False
Does 57 divide 89604?
True
Is 36477 a multiple of 27?
True
Is 9 a factor of 734553?
True
Does 374 divide 4292574?
False
Is 100 a factor of 15710200?
True
Is 27 a factor of 24045512?
False
Does 9 divide 598353?
False
Does 901 divide 2853291?
False
Is 1314534 a multiple of 887?
True
Is 251790 a multiple of 3?
True
Does 15 divide 1238715?
True
Is 405 a factor of 1096569?
False
Does 44 divide 1716130?
False
Is 30 a factor of 4012924?
False
Does 787 divide 195176?
True
Is 116 a factor of 120176?
True
Is 243 a factor of 5308335?
True
Is 13 a factor of 522065?
False
Is 4 a factor of 153?
False
Is 11 a factor of 436651?
False
Is 194624 a multiple of 197?
False
Is 110 a factor of 7879809?
False
Is 318 a factor of 276978?
True
Is 332 a factor of 4007904?
True
Does 14 divide 244787?
False
Is 3 a factor of 221217?
True
Is 1698153 a multiple of 20?
False
Is 301 a factor of 15235416?
True
Is 403550 a multiple of 35?
True
Does 204 divide 1791849?
False
Is 76 a factor of 616588?
True
Is 734 a factor of 3684680?
True
Does 143 divide 624168?
False
Does 218 divide 605168?
True
Does 22 divide 31636?
True
Is 91644 a multiple of 14?
True
Is 215969 a multiple of 14?
False
Is 2048 a multiple of 64?
True
Does 16 divide 26918?
False
Does 24 divide 14340276?
False
Is 18 a factor of 438984?
True
Is 105 a factor of 1254811?
False
Does 604 divide 12303480?
True
Is 895488 a multiple of 192?
True
Does 463 divide 993746?
False
Is 9056827 a multiple of 13?
True
Is 407 a factor of 287749?
True
Does 825 divide 1396069?
False
Does 53 divide 103933?
True
Is 321 a factor of 173104?
False
Is 8126174 a multiple of 24?
False
Is 832525 a multiple of 39?
False
Is 3802250 a multiple of 454?
True
Does 211 divide 6471550?
False
Is 14 a factor of 810208?
True
Does 76 divide 494152?
True
Does 4 divide 43326?
False
Is 9945 a multiple of 45?
True
Is 964 a factor of 7510798?
False
Is 856854 a multiple of 12?
False
Is 220 a factor of 421168?
False
Is 731 a factor of 2802916?
False
Is 125 a factor of 6691750?
True
Is 105154 a multiple of 13?
False
Does 115 divide 2352670?
True
Is 27 a factor of 2480463?
True
Is 302600 a multiple of 13?
False
Does 13 divide 2610576?
False
Is 47178 a multiple of 6?
True
Does 28 divide 852544?
True
Does 322 divide 3944822?
True
Does 36 divide 19475424?
True
Does 6 divide 10325?
False
Does 14 divide 1671586?
True
Is 359374 a multiple of 3?
False
Is 87570 a multiple of 14?
True
Is 5 a factor of 5575672?
False
Does 14 divide 4216240?
True
Is 1282458 a multiple of 202?
False
Is 4296009 a multiple of 69?
True
Does 431 divide 1229643?
True
Is 8 a factor of 196977?
False
Is 778465 a multiple of 317?
False
Is 5887131 a multiple of 404?
False
Is 10170060 a multiple of 5?
True
Is 80 a factor of 22198560?
True
Is 11 a factor of 63342?
False
Does 29 divide 15892?
True
Is 1591053 a multiple of 101?
True
Is 2693394 a multiple of 33?
True
Is 4256872 a multiple of 818?
True
Is 4322160 a multiple of 46?
True
Is 12 a factor of 71097?
False
Is 63 a factor of 51754?
False
Does 5 divide 8208162?
False
Is 50 a factor of 30767?
False
Does 18 divide 253962?
True
Is 150721 a multiple of 30?
False
Is 5 a factor of 623528?
False
Is 977680 a multiple of 11?
True
Does 8 divide 133773?
False
Is 63 a factor of 1459496?
False
Does 30 divide 1669200?
True
Does 6 divide 13350?
True
Is 106097 a multiple of 173?
False
Does 904 divide 9970216?
True
Is 1790280 a multiple of 36?
True
Does 424 divide 306976?
True
Does 537 divide 494553?
False
Does 346 divide 639353?
False
Does 35 divide 4340515?
False
Is 24 a factor of 15721159?
False
Is 17 a factor of 305671?
False
Does 10 divide 413590?
True
Is 131463 a multiple of 15?
False
Is 302090 a multiple of 52?
False
Is 66408 a multiple of 3?
True
Is 112904 a multiple of 11?
True
Does 16 divide 267852?
False
Does 14 divide 488474?
True
Does 19 divide 4218?
True
Is 9660 a multiple of 230?
True
Is 9 a factor of 791289?
True
Is 399281 a multiple of 16?
False
Is 5 a factor of 15000?
True
Does 20 divide 982440?
True
Is 297177 a multiple of 229?
False
Does 1076 divide 1614856?
False
Does 71 divide 1325357?
True
Is 18 a factor of 12893004?
True
Does 29 divide 205987?
True
Does 26 divide 1567306?
True
Is 16636 a multiple of 22?
False
Does 459 divide 98879?
False
Does 61 divide 747617?
False
Is 333754 a multiple of 7?
False
Is 2600926 a multiple of 84?
False
Does 52 divide 415570?
False
Does 25 divide 4342325?
True
Is 1593309 a multiple of 636?
False
Is 95161 a multiple of 11?
True
Is 1791 a factor of 16290524?
False
Is 240 a factor of 204000?
True
Does 88 divide 250360?
True
Is 102 a factor of 90066?
True
Is 93 a factor of 209343?
True
Does 23 divide 3772?
True
Does 527 divide 5087189?
False
Does 538 divide 2280735?
False
Is 77401 a multiple of 32?
False
Is 92 a factor of 128064?
True
Is 8 a factor of 1413112?
True
Is 495 a factor of 761805?
True
Is 13 a factor of 707693?
False
Is 478205 a multiple of 132?
False
Does 90 divide 166341?
False
Is 19 a factor of 9912047?
False
Is 58 a factor of 1659212?
False
Does 7 divide 26650?
False
Is 34108 a multiple of 6?
False
Is 51 a factor of 11549613?
True
Is 7 a factor of 119672?
True
Is 1925352 a multiple of 561?
True
Is 10 a factor of 601951?
False
Is 6 a factor of 556624?
False
Does 210 divide 619482?
False
Is 135 a factor of 4355225?
False
Does 111 divide 1023760?
False
Is 75840 a multiple of 30?
True
Does 1118 divide 575770?
True
Is 4 a factor of 150404?
True
Is 184 a factor of 5929584?
True
Is 44 a factor of 19360?
True
Does 40 divide 1891880?
True
Does 266 divide 1174124?
True
Is 652740 a multiple of 20?
True
Is 94 a factor of 620110?
False
Does 13 divide 244703?
False
Does 15 divide 164266?
False
Is 18 a factor of 8901329?
False
Is 55824 a multiple of 12?
True
Does 341 divide 210019?
False
Is 28 a factor of 44132?
False
Is 87 a factor of 3450263?
False
Is 1427639 a multiple of 499?
True
Is 396 a factor of 15554926?
False
Is 58 a factor of 246442?
True
Does 81 divide 495234?
True
Does 225 divide 3992625?
True
Does 15 divide 750165?
True
Is 18 a factor of 69597?
False
Is 93 a factor of 188418?
True
Does 42 divide 133191?
False
Does 9 divide 29664?
True
Is 264796 a multiple of 287?
False
Does 22 divide 1348578?
True
Is 17 a factor of 3061676?
False
Is 27 a factor of 348354?
True
Is 242 a factor of 1928788?
False
Is 4088090 a multiple of 286?
False
Is 2732 even?
True
Is 864 a factor of 15477025?
False
Is 3381726 a multiple of 74?
True
Is 348 a factor of 862390?
False
Is 12 a factor of 797298?
False
Is 425 a factor of 228506?
False
Is 2823988 a multiple of 49?
False
Does 40 divide 77262?
False
Does 115 divide 74552?
False
Is 116 a factor of 13224?
True
Is 3416238 a multiple of 258?
False
Is 483 a factor of 11844126?
True
Does 34 divide 314158?
False
Does 44 divide 61468?
True
Is 149 a factor of 1449573?
False
Is 65 a factor of 150800?
True
Is 489151 a multiple of 13?
True
Does 9 divide 1668921?
False
Is 272482 a multiple of 7?
True
Is 859883 a multiple of 63?
False
Is 30 a factor of 93960?
True
Is 910 a factor of 270159?
False
Is 389 a factor of 131857?
False
Is 27 a factor of 15823?
False
Is 61056 a multiple of 128?
True
Is 5987394 a multiple of 6?
True
Does 27 divide 161797?
False
Does 37